[INFO] fetching crate requiem-utils 1.0.6...
[INFO] checking requiem-utils-1.0.6 against try#72f88fc4e9458f89516a0b8b0868f3718aec5b47 for pr-74989
[INFO] extracting crate requiem-utils 1.0.6 into /workspace/builds/worker-7/source
[INFO] validating manifest of crates.io crate requiem-utils 1.0.6 on toolchain 72f88fc4e9458f89516a0b8b0868f3718aec5b47
[INFO] running `Command { std: "/workspace/cargo-home/bin/cargo" "+72f88fc4e9458f89516a0b8b0868f3718aec5b47" "read-manifest" "--manifest-path" "Cargo.toml", kill_on_drop: false }`
[INFO] started tweaking crates.io crate requiem-utils 1.0.6
[INFO] finished tweaking crates.io crate requiem-utils 1.0.6
[INFO] tweaked toml for crates.io crate requiem-utils 1.0.6 written to /workspace/builds/worker-7/source/Cargo.toml
[INFO] running `Command { std: "/workspace/cargo-home/bin/cargo" "+72f88fc4e9458f89516a0b8b0868f3718aec5b47" "generate-lockfile" "--manifest-path" "Cargo.toml" "-Zno-index-update", kill_on_drop: false }`
[INFO] running `Command { std: "/workspace/cargo-home/bin/cargo" "+72f88fc4e9458f89516a0b8b0868f3718aec5b47" "fetch" "--locked" "--manifest-path" "Cargo.toml", kill_on_drop: false }`
[INFO] [stderr]     Blocking waiting for file lock on package cache
[INFO] running `Command { std: "docker" "create" "-v" "/var/lib/crater-agent-workspace/builds/worker-7/target:/opt/rustwide/target:rw,Z" "-v" "/var/lib/crater-agent-workspace/builds/worker-7/source:/opt/rustwide/workdir:ro,Z" "-v" "/var/lib/crater-agent-workspace/cargo-home:/opt/rustwide/cargo-home:ro,Z" "-v" "/var/lib/crater-agent-workspace/rustup-home:/opt/rustwide/rustup-home:ro,Z" "-e" "SOURCE_DIR=/opt/rustwide/workdir" "-e" "CARGO_TARGET_DIR=/opt/rustwide/target" "-e" "CARGO_HOME=/opt/rustwide/cargo-home" "-e" "RUSTUP_HOME=/opt/rustwide/rustup-home" "-w" "/opt/rustwide/workdir" "-m" "1610612736" "--user" "0:0" "--network" "none" "rustops/crates-build-env@sha256:d92eaeed33fa75130ca1ee6c8a01d1ffb62bac859dfdfb3450e3e5d1c0146529" "/opt/rustwide/cargo-home/bin/cargo" "+72f88fc4e9458f89516a0b8b0868f3718aec5b47" "metadata" "--no-deps" "--format-version=1", kill_on_drop: false }`
[INFO] [stdout] 05bbb1ed131aed1620a2eccccb2339d550d3b7852a1c33a7c0b12cc66bfefac3
[INFO] [stderr] WARNING: Your kernel does not support swap limit capabilities or the cgroup is not mounted. Memory limited without swap.
[INFO] running `Command { std: "docker" "start" "-a" "05bbb1ed131aed1620a2eccccb2339d550d3b7852a1c33a7c0b12cc66bfefac3", kill_on_drop: false }`
[INFO] running `Command { std: "docker" "inspect" "05bbb1ed131aed1620a2eccccb2339d550d3b7852a1c33a7c0b12cc66bfefac3", kill_on_drop: false }`
[INFO] running `Command { std: "docker" "rm" "-f" "05bbb1ed131aed1620a2eccccb2339d550d3b7852a1c33a7c0b12cc66bfefac3", kill_on_drop: false }`
[INFO] [stdout] 05bbb1ed131aed1620a2eccccb2339d550d3b7852a1c33a7c0b12cc66bfefac3
[INFO] running `Command { std: "docker" "create" "-v" "/var/lib/crater-agent-workspace/builds/worker-7/target:/opt/rustwide/target:rw,Z" "-v" "/var/lib/crater-agent-workspace/builds/worker-7/source:/opt/rustwide/workdir:ro,Z" "-v" "/var/lib/crater-agent-workspace/cargo-home:/opt/rustwide/cargo-home:ro,Z" "-v" "/var/lib/crater-agent-workspace/rustup-home:/opt/rustwide/rustup-home:ro,Z" "-e" "SOURCE_DIR=/opt/rustwide/workdir" "-e" "CARGO_TARGET_DIR=/opt/rustwide/target" "-e" "CARGO_INCREMENTAL=0" "-e" "RUST_BACKTRACE=full" "-e" "RUSTFLAGS=--cap-lints=forbid" "-e" "CARGO_HOME=/opt/rustwide/cargo-home" "-e" "RUSTUP_HOME=/opt/rustwide/rustup-home" "-w" "/opt/rustwide/workdir" "-m" "1610612736" "--user" "0:0" "--network" "none" "rustops/crates-build-env@sha256:d92eaeed33fa75130ca1ee6c8a01d1ffb62bac859dfdfb3450e3e5d1c0146529" "/opt/rustwide/cargo-home/bin/cargo" "+72f88fc4e9458f89516a0b8b0868f3718aec5b47" "check" "--frozen" "--all" "--all-targets" "--message-format=json", kill_on_drop: false }`
[INFO] [stderr] WARNING: Your kernel does not support swap limit capabilities or the cgroup is not mounted. Memory limited without swap.
[INFO] [stdout] 08a0abef59d513612490644f49e836acf3e5679afc19a611f284a47dad7ae756
[INFO] running `Command { std: "docker" "start" "-a" "08a0abef59d513612490644f49e836acf3e5679afc19a611f284a47dad7ae756", kill_on_drop: false }`
[INFO] [stderr]    Compiling syn v1.0.40
[INFO] [stderr]    Compiling log v0.4.11
[INFO] [stderr]    Compiling proc-macro-hack v0.5.18
[INFO] [stderr]     Checking copyless v0.1.5
[INFO] [stderr]     Checking either v1.6.0
[INFO] [stderr]     Checking net2 v0.2.35
[INFO] [stderr]     Checking iovec v0.1.4
[INFO] [stderr]     Checking signal-hook-registry v1.2.1
[INFO] [stderr]     Checking num_cpus v1.13.0
[INFO] [stderr]     Checking parking_lot_core v0.7.2
[INFO] [stderr]     Checking lock_api v0.3.4
[INFO] [stderr]     Checking threadpool v1.8.1
[INFO] [stderr]     Checking parking_lot v0.10.2
[INFO] [stderr]     Checking mio v0.6.22
[INFO] [stderr]     Checking mio-uds v0.6.8
[INFO] [stderr]     Checking tokio v0.2.22
[INFO] [stderr]     Checking tokio-util v0.2.0
[INFO] [stderr]     Checking requiem-codec v0.2.0
[INFO] [stderr]    Compiling pin-project-internal v0.4.23
[INFO] [stderr]    Compiling futures-macro v0.3.5
[INFO] [stderr]    Compiling derive_more v0.99.10
[INFO] [stderr]    Compiling requiem-macros v0.1.1
[INFO] [stderr]     Checking pin-project v0.4.23
[INFO] [stderr]     Checking futures-util v0.3.5
[INFO] [stderr]     Checking requiem-threadpool v0.3.1
[INFO] [stderr]     Checking futures-executor v0.3.5
[INFO] [stderr]     Checking requiem-service v1.0.5
[INFO] [stderr]     Checking futures v0.3.5
[INFO] [stderr]     Checking requiem-rt v1.0.0
[INFO] [stderr]     Checking requiem-utils v1.0.6 (/opt/rustwide/workdir)
[INFO] [stdout] error[E0433]: failed to resolve: use of undeclared type or module `actix_rt`
[INFO] [stdout]    --> src/condition.rs:101:5
[INFO] [stdout]     |
[INFO] [stdout] 101 |     #[requiem_rt::test]
[INFO] [stdout]     |     ^^^^^^^^^^^^^^^^^^^ not found in `actix_rt`
[INFO] [stdout]     |
[INFO] [stdout]     = note: this error originates in an attribute macro (in Nightly builds, run with -Z macro-backtrace for more info)
[INFO] [stdout] help: consider importing one of these items
[INFO] [stdout]     |
[INFO] [stdout] 98  |     use requiem_rt::System;
[INFO] [stdout]     |
[INFO] [stdout] 98  |     use std::alloc::System;
[INFO] [stdout]     |
[INFO] [stdout] 
[INFO] [stdout] 
[INFO] [stdout] error[E0433]: failed to resolve: use of undeclared type or module `actix_rt`
[INFO] [stdout]    --> src/inflight.rs:140:5
[INFO] [stdout]     |
[INFO] [stdout] 140 |     #[requiem_rt::test]
[INFO] [stdout]     |     ^^^^^^^^^^^^^^^^^^^ not found in `actix_rt`
[INFO] [stdout]     |
[INFO] [stdout]     = note: this error originates in an attribute macro (in Nightly builds, run with -Z macro-backtrace for more info)
[INFO] [stdout] help: consider importing one of these items
[INFO] [stdout]     |
[INFO] [stdout] 114 |     use requiem_rt::System;
[INFO] [stdout]     |
[INFO] [stdout] 114 |     use std::alloc::System;
[INFO] [stdout]     |
[INFO] [stdout] 
[INFO] [stdout] 
[INFO] [stdout] error[E0433]: failed to resolve: use of undeclared type or module `actix_rt`
[INFO] [stdout]    --> src/inflight.rs:154:5
[INFO] [stdout]     |
[INFO] [stdout] 154 |     #[requiem_rt::test]
[INFO] [stdout]     |     ^^^^^^^^^^^^^^^^^^^ not found in `actix_rt`
[INFO] [stdout]     |
[INFO] [stdout]     = note: this error originates in an attribute macro (in Nightly builds, run with -Z macro-backtrace for more info)
[INFO] [stdout] help: consider importing one of these items
[INFO] [stdout]     |
[INFO] [stdout] 114 |     use requiem_rt::System;
[INFO] [stdout]     |
[INFO] [stdout] 114 |     use std::alloc::System;
[INFO] [stdout]     |
[INFO] [stdout] 
[INFO] [stdout] 
[INFO] [stdout] error[E0433]: failed to resolve: use of undeclared type or module `actix_rt`
[INFO] [stdout]    --> src/mpsc.rs:186:5
[INFO] [stdout]     |
[INFO] [stdout] 186 |     #[requiem_rt::test]
[INFO] [stdout]     |     ^^^^^^^^^^^^^^^^^^^ not found in `actix_rt`
[INFO] [stdout]     |
[INFO] [stdout]     = note: this error originates in an attribute macro (in Nightly builds, run with -Z macro-backtrace for more info)
[INFO] [stdout] help: consider importing one of these items
[INFO] [stdout]     |
[INFO] [stdout] 182 |     use requiem_rt::System;
[INFO] [stdout]     |
[INFO] [stdout] 182 |     use std::alloc::System;
[INFO] [stdout]     |
[INFO] [stdout] 
[INFO] [stdout] 
[INFO] [stdout] error[E0433]: failed to resolve: use of undeclared type or module `actix_rt`
[INFO] [stdout]    --> src/oneshot.rs:258:5
[INFO] [stdout]     |
[INFO] [stdout] 258 |     #[requiem_rt::test]
[INFO] [stdout]     |     ^^^^^^^^^^^^^^^^^^^ not found in `actix_rt`
[INFO] [stdout]     |
[INFO] [stdout]     = note: this error originates in an attribute macro (in Nightly builds, run with -Z macro-backtrace for more info)
[INFO] [stdout] help: consider importing one of these items
[INFO] [stdout]     |
[INFO] [stdout] 255 |     use requiem_rt::System;
[INFO] [stdout]     |
[INFO] [stdout] 255 |     use std::alloc::System;
[INFO] [stdout]     |
[INFO] [stdout] 
[INFO] [stdout] 
[INFO] [stdout] error[E0433]: failed to resolve: use of undeclared type or module `actix_rt`
[INFO] [stdout]    --> src/oneshot.rs:285:5
[INFO] [stdout]     |
[INFO] [stdout] 285 |     #[requiem_rt::test]
[INFO] [stdout]     |     ^^^^^^^^^^^^^^^^^^^ not found in `actix_rt`
[INFO] [stdout]     |
[INFO] [stdout]     = note: this error originates in an attribute macro (in Nightly builds, run with -Z macro-backtrace for more info)
[INFO] [stdout] help: consider importing one of these items
[INFO] [stdout]     |
[INFO] [stdout] 255 |     use requiem_rt::System;
[INFO] [stdout]     |
[INFO] [stdout] 255 |     use std::alloc::System;
[INFO] [stdout]     |
[INFO] [stdout] 
[INFO] [stdout] 
[INFO] [stdout] error[E0433]: failed to resolve: use of undeclared type or module `actix_rt`
[INFO] [stdout]    --> src/order.rs:233:5
[INFO] [stdout]     |
[INFO] [stdout] 233 |     #[requiem_rt::test]
[INFO] [stdout]     |     ^^^^^^^^^^^^^^^^^^^ not found in `actix_rt`
[INFO] [stdout]     |
[INFO] [stdout]     = note: this error originates in an attribute macro (in Nightly builds, run with -Z macro-backtrace for more info)
[INFO] [stdout] help: consider importing one of these items
[INFO] [stdout]     |
[INFO] [stdout] 208 |     use requiem_rt::System;
[INFO] [stdout]     |
[INFO] [stdout] 208 |     use std::alloc::System;
[INFO] [stdout]     |
[INFO] [stdout] 
[INFO] [stdout] 
[INFO] [stdout] error[E0433]: failed to resolve: use of undeclared type or module `actix_rt`
[INFO] [stdout]    --> src/time.rs:164:5
[INFO] [stdout]     |
[INFO] [stdout] 164 |     #[requiem_rt::test]
[INFO] [stdout]     |     ^^^^^^^^^^^^^^^^^^^ not found in `actix_rt`
[INFO] [stdout]     |
[INFO] [stdout]     = note: this error originates in an attribute macro (in Nightly builds, run with -Z macro-backtrace for more info)
[INFO] [stdout] help: consider importing one of these items
[INFO] [stdout]     |
[INFO] [stdout] 158 |     use requiem_rt::System;
[INFO] [stdout]     |
[INFO] [stdout] 158 |     use std::alloc::System;
[INFO] [stdout]     |
[INFO] [stdout] 
[INFO] [stdout] 
[INFO] [stdout] error[E0433]: failed to resolve: use of undeclared type or module `actix_rt`
[INFO] [stdout]    --> src/time.rs:175:5
[INFO] [stdout]     |
[INFO] [stdout] 175 |     #[requiem_rt::test]
[INFO] [stdout]     |     ^^^^^^^^^^^^^^^^^^^ not found in `actix_rt`
[INFO] [stdout]     |
[INFO] [stdout]     = note: this error originates in an attribute macro (in Nightly builds, run with -Z macro-backtrace for more info)
[INFO] [stdout] help: consider importing one of these items
[INFO] [stdout]     |
[INFO] [stdout] 158 |     use requiem_rt::System;
[INFO] [stdout]     |
[INFO] [stdout] 158 |     use std::alloc::System;
[INFO] [stdout]     |
[INFO] [stdout] 
[INFO] [stdout] 
[INFO] [stdout] error[E0433]: failed to resolve: use of undeclared type or module `actix_rt`
[INFO] [stdout]    --> src/time.rs:186:5
[INFO] [stdout]     |
[INFO] [stdout] 186 |     #[requiem_rt::test]
[INFO] [stdout]     |     ^^^^^^^^^^^^^^^^^^^ not found in `actix_rt`
[INFO] [stdout]     |
[INFO] [stdout]     = note: this error originates in an attribute macro (in Nightly builds, run with -Z macro-backtrace for more info)
[INFO] [stdout] help: consider importing one of these items
[INFO] [stdout]     |
[INFO] [stdout] 158 |     use requiem_rt::System;
[INFO] [stdout]     |
[INFO] [stdout] 158 |     use std::alloc::System;
[INFO] [stdout]     |
[INFO] [stdout] 
[INFO] [stdout] 
[INFO] [stdout] error[E0433]: failed to resolve: use of undeclared type or module `actix_rt`
[INFO] [stdout]    --> src/time.rs:212:5
[INFO] [stdout]     |
[INFO] [stdout] 212 |     #[requiem_rt::test]
[INFO] [stdout]     |     ^^^^^^^^^^^^^^^^^^^ not found in `actix_rt`
[INFO] [stdout]     |
[INFO] [stdout]     = note: this error originates in an attribute macro (in Nightly builds, run with -Z macro-backtrace for more info)
[INFO] [stdout] help: consider importing one of these items
[INFO] [stdout]     |
[INFO] [stdout] 158 |     use requiem_rt::System;
[INFO] [stdout]     |
[INFO] [stdout] 158 |     use std::alloc::System;
[INFO] [stdout]     |
[INFO] [stdout] 
[INFO] [stdout] 
[INFO] [stdout] error[E0433]: failed to resolve: use of undeclared type or module `actix_rt`
[INFO] [stdout]    --> src/timeout.rs:207:5
[INFO] [stdout]     |
[INFO] [stdout] 207 |     #[requiem_rt::test]
[INFO] [stdout]     |     ^^^^^^^^^^^^^^^^^^^ not found in `actix_rt`
[INFO] [stdout]     |
[INFO] [stdout]     = note: this error originates in an attribute macro (in Nightly builds, run with -Z macro-backtrace for more info)
[INFO] [stdout] help: consider importing one of these items
[INFO] [stdout]     |
[INFO] [stdout] 181 |     use requiem_rt::System;
[INFO] [stdout]     |
[INFO] [stdout] 181 |     use std::alloc::System;
[INFO] [stdout]     |
[INFO] [stdout] 
[INFO] [stdout] 
[INFO] [stdout] error[E0433]: failed to resolve: use of undeclared type or module `actix_rt`
[INFO] [stdout]    --> src/timeout.rs:216:5
[INFO] [stdout]     |
[INFO] [stdout] 216 |     #[requiem_rt::test]
[INFO] [stdout]     |     ^^^^^^^^^^^^^^^^^^^ not found in `actix_rt`
[INFO] [stdout]     |
[INFO] [stdout]     = note: this error originates in an attribute macro (in Nightly builds, run with -Z macro-backtrace for more info)
[INFO] [stdout] help: consider importing one of these items
[INFO] [stdout]     |
[INFO] [stdout] 181 |     use requiem_rt::System;
[INFO] [stdout]     |
[INFO] [stdout] 181 |     use std::alloc::System;
[INFO] [stdout]     |
[INFO] [stdout] 
[INFO] [stdout] 
[INFO] [stdout] error[E0433]: failed to resolve: use of undeclared type or module `actix_rt`
[INFO] [stdout]    --> src/timeout.rs:225:5
[INFO] [stdout]     |
[INFO] [stdout] 225 |     #[requiem_rt::test]
[INFO] [stdout]     |     ^^^^^^^^^^^^^^^^^^^ not found in `actix_rt`
[INFO] [stdout]     |
[INFO] [stdout]     = note: this error originates in an attribute macro (in Nightly builds, run with -Z macro-backtrace for more info)
[INFO] [stdout] help: consider importing one of these items
[INFO] [stdout]     |
[INFO] [stdout] 181 |     use requiem_rt::System;
[INFO] [stdout]     |
[INFO] [stdout] 181 |     use std::alloc::System;
[INFO] [stdout]     |
[INFO] [stdout] 
[INFO] [stdout] 
[INFO] [stdout] error: aborting due to 14 previous errors
[INFO] [stdout] 
[INFO] [stdout] 
[INFO] [stdout] For more information about this error, try `rustc --explain E0433`.
[INFO] [stdout] 
[INFO] [stderr] error: could not compile `requiem-utils`.
[INFO] [stderr] 
[INFO] [stderr] To learn more, run the command again with --verbose.
[INFO] running `Command { std: "docker" "inspect" "08a0abef59d513612490644f49e836acf3e5679afc19a611f284a47dad7ae756", kill_on_drop: false }`
[INFO] running `Command { std: "docker" "rm" "-f" "08a0abef59d513612490644f49e836acf3e5679afc19a611f284a47dad7ae756", kill_on_drop: false }`
[INFO] [stdout] 08a0abef59d513612490644f49e836acf3e5679afc19a611f284a47dad7ae756
